{"id":174,"date":"2025-03-27T13:21:38","date_gmt":"2025-03-27T12:21:38","guid":{"rendered":"https:\/\/vermuda.site\/?page_id=174"},"modified":"2025-05-09T18:03:11","modified_gmt":"2025-05-09T16:03:11","slug":"vermuda","status":"publish","type":"page","link":"https:\/\/vermuda.site\/","title":{"rendered":"VERMUDA"},"content":{"rendered":"\t\t<div data-elementor-type=\"wp-page\" data-elementor-id=\"174\" class=\"elementor elementor-174\">\n\t\t\t\t<div class=\"elementor-element elementor-element-14e821d e-con-full e-flex e-con e-parent\" data-id=\"14e821d\" data-element_type=\"container\" data-core-v316-plus=\"true\">\n\t\t\t\t<div class=\"elementor-element elementor-element-3325230 elementor-arrows-position-inside elementor-widget elementor-widget-image-carousel\" data-id=\"3325230\" data-element_type=\"widget\" data-settings=\"{&quot;navigation&quot;:&quot;arrows&quot;,&quot;autoplay&quot;:&quot;yes&quot;,&quot;pause_on_hover&quot;:&quot;yes&quot;,&quot;pause_on_interaction&quot;:&quot;yes&quot;,&quot;autoplay_speed&quot;:5000,&quot;infinite&quot;:&quot;yes&quot;,&quot;speed&quot;:500}\" data-widget_type=\"image-carousel.default\">\n\t\t\t\t<div class=\"elementor-widget-container\">\n\t\t\t<style>\/*! elementor - v3.20.0 - 26-03-2024 *\/\n.elementor-widget-image-carousel .swiper,.elementor-widget-image-carousel .swiper-container{position:static}.elementor-widget-image-carousel .swiper-container .swiper-slide figure,.elementor-widget-image-carousel .swiper .swiper-slide figure{line-height:inherit}.elementor-widget-image-carousel .swiper-slide{text-align:center}.elementor-image-carousel-wrapper:not(.swiper-container-initialized):not(.swiper-initialized) .swiper-slide{max-width:calc(100% \/ var(--e-image-carousel-slides-to-show, 3))}<\/style>\t\t<div class=\"elementor-image-carousel-wrapper swiper\" dir=\"ltr\">\n\t\t\t<div class=\"elementor-image-carousel swiper-wrapper\" aria-live=\"off\">\n\t\t\t\t\t\t\t\t<div class=\"swiper-slide\" role=\"group\" aria-roledescription=\"slide\" aria-label=\"1 de 10\"><figure class=\"swiper-slide-inner\"><img decoding=\"async\" class=\"swiper-slide-image\" src=\"https:\/\/vermuda.site\/wp-content\/uploads\/2025\/04\/Vermuda-179-scaled.jpg\" alt=\"Vermuda (179)\" \/><\/figure><\/div><div class=\"swiper-slide\" role=\"group\" aria-roledescription=\"slide\" aria-label=\"2 de 10\"><figure class=\"swiper-slide-inner\"><img decoding=\"async\" class=\"swiper-slide-image\" src=\"https:\/\/vermuda.site\/wp-content\/uploads\/2025\/04\/Vermuda-124-scaled.jpg\" alt=\"Vermuda (124)\" \/><\/figure><\/div><div class=\"swiper-slide\" role=\"group\" aria-roledescription=\"slide\" aria-label=\"3 de 10\"><figure class=\"swiper-slide-inner\"><img decoding=\"async\" class=\"swiper-slide-image\" src=\"https:\/\/vermuda.site\/wp-content\/uploads\/2025\/04\/Vermuda-78-scaled.jpg\" alt=\"Vermuda (78)\" \/><\/figure><\/div><div class=\"swiper-slide\" role=\"group\" aria-roledescription=\"slide\" aria-label=\"4 de 10\"><figure class=\"swiper-slide-inner\"><img decoding=\"async\" class=\"swiper-slide-image\" src=\"https:\/\/vermuda.site\/wp-content\/uploads\/2025\/04\/Vermuda-67-scaled.jpg\" alt=\"Vermuda (67)\" \/><\/figure><\/div><div class=\"swiper-slide\" role=\"group\" aria-roledescription=\"slide\" aria-label=\"5 de 10\"><figure class=\"swiper-slide-inner\"><img decoding=\"async\" class=\"swiper-slide-image\" src=\"https:\/\/vermuda.site\/wp-content\/uploads\/2025\/04\/Vermuda-58-scaled.jpg\" alt=\"Vermuda (58)\" \/><\/figure><\/div><div class=\"swiper-slide\" role=\"group\" aria-roledescription=\"slide\" aria-label=\"6 de 10\"><figure class=\"swiper-slide-inner\"><img decoding=\"async\" class=\"swiper-slide-image\" src=\"https:\/\/vermuda.site\/wp-content\/uploads\/2025\/04\/Vermuda-159-scaled.jpg\" alt=\"Vermuda (159)\" \/><\/figure><\/div><div class=\"swiper-slide\" role=\"group\" aria-roledescription=\"slide\" aria-label=\"7 de 10\"><figure class=\"swiper-slide-inner\"><img decoding=\"async\" class=\"swiper-slide-image\" src=\"https:\/\/vermuda.site\/wp-content\/uploads\/2025\/04\/Vermuda-29-scaled.jpg\" alt=\"Vermuda (29)\" \/><\/figure><\/div><div class=\"swiper-slide\" role=\"group\" aria-roledescription=\"slide\" aria-label=\"8 de 10\"><figure class=\"swiper-slide-inner\"><img decoding=\"async\" class=\"swiper-slide-image\" src=\"https:\/\/vermuda.site\/wp-content\/uploads\/2025\/04\/Vermuda-99-scaled.jpg\" alt=\"Vermuda (99)\" \/><\/figure><\/div><div class=\"swiper-slide\" role=\"group\" aria-roledescription=\"slide\" aria-label=\"9 de 10\"><figure class=\"swiper-slide-inner\"><img decoding=\"async\" class=\"swiper-slide-image\" src=\"https:\/\/vermuda.site\/wp-content\/uploads\/2025\/04\/Vermuda-184-scaled.jpg\" alt=\"Vermuda (184)\" \/><\/figure><\/div><div class=\"swiper-slide\" role=\"group\" aria-roledescription=\"slide\" aria-label=\"10 de 10\"><figure class=\"swiper-slide-inner\"><img decoding=\"async\" class=\"swiper-slide-image\" src=\"https:\/\/vermuda.site\/wp-content\/uploads\/2025\/04\/Vermuda-87-1-scaled.jpg\" alt=\"Vermuda (87)\" \/><\/figure><\/div>\t\t\t<\/div>\n\t\t\t\t\t\t\t\t\t\t\t\t<div class=\"elementor-swiper-button elementor-swiper-button-prev\" role=\"button\" tabindex=\"0\">\n\t\t\t\t\t\t<svg aria-hidden=\"true\" class=\"e-font-icon-svg e-eicon-chevron-left\" viewBox=\"0 0 1000 1000\" xmlns=\"http:\/\/www.w3.org\/2000\/svg\"><path d=\"M646 125C629 125 613 133 604 142L308 442C296 454 292 471 292 487 292 504 296 521 308 533L604 854C617 867 629 875 646 875 663 875 679 871 692 858 704 846 713 829 713 812 713 796 708 779 692 767L438 487 692 225C700 217 708 204 708 187 708 171 704 154 692 142 675 129 663 125 646 125Z\"><\/path><\/svg>\t\t\t\t\t<\/div>\n\t\t\t\t\t<div class=\"elementor-swiper-button elementor-swiper-button-next\" role=\"button\" tabindex=\"0\">\n\t\t\t\t\t\t<svg aria-hidden=\"true\" class=\"e-font-icon-svg e-eicon-chevron-right\" viewBox=\"0 0 1000 1000\" xmlns=\"http:\/\/www.w3.org\/2000\/svg\"><path d=\"M696 533C708 521 713 504 713 487 713 471 708 454 696 446L400 146C388 133 375 125 354 125 338 125 325 129 313 142 300 154 292 171 292 187 292 204 296 221 308 233L563 492 304 771C292 783 288 800 288 817 288 833 296 850 308 863 321 871 338 875 354 875 371 875 388 867 400 854L696 533Z\"><\/path><\/svg>\t\t\t\t\t<\/div>\n\t\t\t\t\n\t\t\t\t\t\t\t\t\t<\/div>\n\t\t\t\t<\/div>\n\t\t\t\t<\/div>\n\t\t\t\t<\/div>\n\t\t<div class=\"elementor-element elementor-element-7cbf8e6 e-flex e-con-boxed e-con e-parent\" data-id=\"7cbf8e6\" data-element_type=\"container\" data-settings=\"{&quot;animation_mobile&quot;:&quot;none&quot;}\" data-core-v316-plus=\"true\">\n\t\t\t\t\t<div class=\"e-con-inner\">\n\t\t<div class=\"elementor-element elementor-element-139b3af e-con-full e-flex e-con e-child\" data-id=\"139b3af\" data-element_type=\"container\">\n\t\t<div class=\"elementor-element elementor-element-7a4fb9b e-con-full e-flex e-con e-child\" data-id=\"7a4fb9b\" data-element_type=\"container\" data-settings=\"{&quot;animation_mobile&quot;:&quot;bounceInLeft&quot;}\">\n\t\t\t\t<div class=\"elementor-element elementor-element-c0212e1 elementor-widget elementor-widget-image\" data-id=\"c0212e1\" data-element_type=\"widget\" data-widget_type=\"image.default\">\n\t\t\t\t<div class=\"elementor-widget-container\">\n\t\t\t<style>\/*! elementor - v3.20.0 - 26-03-2024 *\/\n.elementor-widget-image{text-align:center}.elementor-widget-image a{display:inline-block}.elementor-widget-image a img[src$=\".svg\"]{width:48px}.elementor-widget-image img{vertical-align:middle;display:inline-block}<\/style>\t\t\t\t\t\t\t\t\t\t<img fetchpriority=\"high\" decoding=\"async\" width=\"1024\" height=\"1024\" src=\"https:\/\/vermuda.site\/wp-content\/uploads\/2024\/04\/VERMUDA_PERFIL_RRSS_NEGRO-1024x1024.png\" class=\"attachment-large size-large wp-image-20\" alt=\"\" srcset=\"https:\/\/vermuda.site\/wp-content\/uploads\/2024\/04\/VERMUDA_PERFIL_RRSS_NEGRO-1024x1024.png 1024w, https:\/\/vermuda.site\/wp-content\/uploads\/2024\/04\/VERMUDA_PERFIL_RRSS_NEGRO-300x300.png 300w, https:\/\/vermuda.site\/wp-content\/uploads\/2024\/04\/VERMUDA_PERFIL_RRSS_NEGRO-150x150.png 150w, https:\/\/vermuda.site\/wp-content\/uploads\/2024\/04\/VERMUDA_PERFIL_RRSS_NEGRO-768x768.png 768w, https:\/\/vermuda.site\/wp-content\/uploads\/2024\/04\/VERMUDA_PERFIL_RRSS_NEGRO.png 1080w\" sizes=\"(max-width: 1024px) 100vw, 1024px\" \/>\t\t\t\t\t\t\t\t\t\t\t\t\t<\/div>\n\t\t\t\t<\/div>\n\t\t\t\t<\/div>\n\t\t<div class=\"elementor-element elementor-element-187c8f9 e-con-full e-flex e-con e-child\" data-id=\"187c8f9\" data-element_type=\"container\" data-settings=\"{&quot;background_background&quot;:&quot;classic&quot;}\">\n\t\t\t\t<div class=\"elementor-element elementor-element-be10096 elementor-widget elementor-widget-text-editor\" data-id=\"be10096\" data-element_type=\"widget\" data-widget_type=\"text-editor.default\">\n\t\t\t\t<div class=\"elementor-widget-container\">\n\t\t\t<style>\/*! elementor - v3.20.0 - 26-03-2024 *\/\n.elementor-widget-text-editor.elementor-drop-cap-view-stacked .elementor-drop-cap{background-color:#69727d;color:#fff}.elementor-widget-text-editor.elementor-drop-cap-view-framed .elementor-drop-cap{color:#69727d;border:3px solid;background-color:transparent}.elementor-widget-text-editor:not(.elementor-drop-cap-view-default) .elementor-drop-cap{margin-top:8px}.elementor-widget-text-editor:not(.elementor-drop-cap-view-default) .elementor-drop-cap-letter{width:1em;height:1em}.elementor-widget-text-editor .elementor-drop-cap{float:left;text-align:center;line-height:1;font-size:50px}.elementor-widget-text-editor .elementor-drop-cap-letter{display:inline-block}<\/style>\t\t\t\t<h2>La Vermuter\u00eda de Atalaya<\/h2><p>Vermuda es la versi\u00f3n m\u00e1s informal de <span style=\"text-decoration: underline;\"><span style=\"color: #008080;\"><a style=\"color: #008080; text-decoration: underline;\" href=\"https:\/\/atalayarestaurante.com\/\" target=\"_blank\" rel=\"noopener\">Atalaya<\/a><\/span><\/span>. Aqu\u00ed podr\u00e9is encontrar los platos mas m\u00edticos de Atalaya y tambi\u00e9n platos nuevos y actuales con el toque y el sabor de Facundo Carlucci (hermano de Emanuel) el chef al frente de esta desenfada propuesta.<\/p>\t\t\t\t\t\t<\/div>\n\t\t\t\t<\/div>\n\t\t\t\t<\/div>\n\t\t<div class=\"elementor-element elementor-element-791b3a3 e-con-full e-flex e-con e-child\" data-id=\"791b3a3\" data-element_type=\"container\" data-settings=\"{&quot;background_background&quot;:&quot;classic&quot;}\">\n\t\t\t\t<div class=\"elementor-element elementor-element-55590de elementor-mobile-align-center elementor-widget elementor-widget-button\" data-id=\"55590de\" data-element_type=\"widget\" data-widget_type=\"button.default\">\n\t\t\t\t<div class=\"elementor-widget-container\">\n\t\t\t\t\t<div class=\"elementor-button-wrapper\">\n\t\t\t<a class=\"elementor-button elementor-button-link elementor-size-sm\" href=\"https:\/\/vermuda.site\/index.php\/7-2\/horarios-y-reservas\/\">\n\t\t\t\t\t\t<span class=\"elementor-button-content-wrapper\">\n\t\t\t\t\t\t<span class=\"elementor-button-text\">Reserva<\/span>\n\t\t<\/span>\n\t\t\t\t\t<\/a>\n\t\t<\/div>\n\t\t\t\t<\/div>\n\t\t\t\t<\/div>\n\t\t\t\t<div class=\"elementor-element elementor-element-c88d1fc elementor-mobile-align-center elementor-widget elementor-widget-button\" data-id=\"c88d1fc\" data-element_type=\"widget\" data-widget_type=\"button.default\">\n\t\t\t\t<div class=\"elementor-widget-container\">\n\t\t\t\t\t<div class=\"elementor-button-wrapper\">\n\t\t\t<a class=\"elementor-button elementor-button-link elementor-size-sm\" href=\"https:\/\/vermuda.site\/index.php\/7-2\/\">\n\t\t\t\t\t\t<span class=\"elementor-button-content-wrapper\">\n\t\t\t\t\t\t<span class=\"elementor-button-text\">Carta<\/span>\n\t\t<\/span>\n\t\t\t\t\t<\/a>\n\t\t<\/div>\n\t\t\t\t<\/div>\n\t\t\t\t<\/div>\n\t\t\t\t<\/div>\n\t\t<div class=\"elementor-element elementor-element-afaa2d2 e-con-full e-flex e-con e-child\" data-id=\"afaa2d2\" data-element_type=\"container\" data-settings=\"{&quot;background_background&quot;:&quot;classic&quot;}\">\n\t\t<div class=\"elementor-element elementor-element-33ad40d e-flex e-con-boxed e-con e-child\" data-id=\"33ad40d\" data-element_type=\"container\" data-settings=\"{&quot;animation_mobile&quot;:&quot;slideInLeft&quot;}\">\n\t\t\t\t\t<div class=\"e-con-inner\">\n\t\t\t\t<div class=\"elementor-element elementor-element-06e7d93 elementor-widget elementor-widget-image\" data-id=\"06e7d93\" data-element_type=\"widget\" data-widget_type=\"image.default\">\n\t\t\t\t<div class=\"elementor-widget-container\">\n\t\t\t\t\t\t\t\t\t\t\t\t\t<img decoding=\"async\" width=\"677\" height=\"677\" src=\"https:\/\/vermuda.site\/wp-content\/uploads\/2025\/04\/Capturaig-11.png\" class=\"attachment-full size-full wp-image-752\" alt=\"\" srcset=\"https:\/\/vermuda.site\/wp-content\/uploads\/2025\/04\/Capturaig-11.png 677w, https:\/\/vermuda.site\/wp-content\/uploads\/2025\/04\/Capturaig-11-300x300.png 300w, https:\/\/vermuda.site\/wp-content\/uploads\/2025\/04\/Capturaig-11-150x150.png 150w\" sizes=\"(max-width: 677px) 100vw, 677px\" \/>\t\t\t\t\t\t\t\t\t\t\t\t\t<\/div>\n\t\t\t\t<\/div>\n\t\t\t\t\t<\/div>\n\t\t\t\t<\/div>\n\t\t<div class=\"elementor-element elementor-element-2b95ac3 e-flex e-con-boxed e-con e-child\" data-id=\"2b95ac3\" data-element_type=\"container\" data-settings=\"{&quot;animation_mobile&quot;:&quot;slideInRight&quot;}\">\n\t\t\t\t\t<div class=\"e-con-inner\">\n\t\t\t\t<div class=\"elementor-element elementor-element-9c682d6 elementor-widget elementor-widget-image\" data-id=\"9c682d6\" data-element_type=\"widget\" data-widget_type=\"image.default\">\n\t\t\t\t<div class=\"elementor-widget-container\">\n\t\t\t\t\t\t\t\t\t\t\t\t\t<img decoding=\"async\" width=\"727\" height=\"727\" src=\"https:\/\/vermuda.site\/wp-content\/uploads\/2025\/04\/Capturaig-7.png\" class=\"attachment-full size-full wp-image-748\" alt=\"\" srcset=\"https:\/\/vermuda.site\/wp-content\/uploads\/2025\/04\/Capturaig-7.png 727w, https:\/\/vermuda.site\/wp-content\/uploads\/2025\/04\/Capturaig-7-300x300.png 300w, https:\/\/vermuda.site\/wp-content\/uploads\/2025\/04\/Capturaig-7-150x150.png 150w\" sizes=\"(max-width: 727px) 100vw, 727px\" \/>\t\t\t\t\t\t\t\t\t\t\t\t\t<\/div>\n\t\t\t\t<\/div>\n\t\t\t\t\t<\/div>\n\t\t\t\t<\/div>\n\t\t\t\t<\/div>\n\t\t\t\t<\/div>\n\t\t<div class=\"elementor-element elementor-element-84c7ce1 e-con-full e-flex e-con e-child\" data-id=\"84c7ce1\" data-element_type=\"container\">\n\t\t<div class=\"elementor-element elementor-element-319d28f e-con-full e-flex e-con e-child\" data-id=\"319d28f\" data-element_type=\"container\">\n\t\t\t\t<div class=\"elementor-element elementor-element-e3a28c8 elementor-widget elementor-widget-text-editor\" data-id=\"e3a28c8\" data-element_type=\"widget\" data-widget_type=\"text-editor.default\">\n\t\t\t\t<div class=\"elementor-widget-container\">\n\t\t\t\t\t\t\t<h4 style=\"text-align: center;\">En pleno coraz\u00f3n de Alcossebre<\/h4><p style=\"text-align: left;\">Situado en el centro del ic\u00f3nico municipio mar\u00edtimo de Alcossebre, a unos pocos pasos de la playa y rodeado de la energ\u00eda del Mediterr\u00e1neo, se encuentra VERMUDA, el lugar perfecto para conectar con toda su gente y disfrutar de la mejor gastronom\u00eda mediterr\u00e1nea con el enfoque de las nuevas generaciones\u00a0<\/p>\t\t\t\t\t\t<\/div>\n\t\t\t\t<\/div>\n\t\t\t\t<\/div>\n\t\t<div class=\"elementor-element elementor-element-0b3d39f e-con-full e-flex e-con e-child\" data-id=\"0b3d39f\" data-element_type=\"container\">\n\t\t\t\t<div class=\"elementor-element elementor-element-406c00b elementor-widget elementor-widget-text-editor\" data-id=\"406c00b\" data-element_type=\"widget\" data-widget_type=\"text-editor.default\">\n\t\t\t\t<div class=\"elementor-widget-container\">\n\t\t\t\t\t\t\t<p><span style=\"text-decoration: underline; color: #008080;\"><a style=\"color: #008080; text-decoration: underline;\" href=\"https:\/\/maps.app.goo.gl\/oAuCCj3FUPo9pFoz9\" target=\"_blank\" rel=\"noopener\">Carrer de Sant Benet, 2-A, 12579 Alcossebre, Castell\u00f3<\/a><\/span><\/p>\t\t\t\t\t\t<\/div>\n\t\t\t\t<\/div>\n\t\t\t\t<\/div>\n\t\t<div class=\"elementor-element elementor-element-6d35c99 e-flex e-con-boxed e-con e-child\" data-id=\"6d35c99\" data-element_type=\"container\">\n\t\t\t\t\t<div class=\"e-con-inner\">\n\t\t\t\t<div class=\"elementor-element elementor-element-5acaaba elementor-widget elementor-widget-image\" data-id=\"5acaaba\" data-element_type=\"widget\" data-widget_type=\"image.default\">\n\t\t\t\t<div class=\"elementor-widget-container\">\n\t\t\t\t\t\t\t\t\t\t\t\t\t<img loading=\"lazy\" decoding=\"async\" width=\"679\" height=\"632\" src=\"https:\/\/vermuda.site\/wp-content\/uploads\/2025\/05\/fotoalcocebre2.png\" class=\"attachment-full size-full wp-image-977\" alt=\"\" srcset=\"https:\/\/vermuda.site\/wp-content\/uploads\/2025\/05\/fotoalcocebre2.png 679w, https:\/\/vermuda.site\/wp-content\/uploads\/2025\/05\/fotoalcocebre2-300x279.png 300w\" sizes=\"(max-width: 679px) 100vw, 679px\" \/>\t\t\t\t\t\t\t\t\t\t\t\t\t<\/div>\n\t\t\t\t<\/div>\n\t\t\t\t\t<\/div>\n\t\t\t\t<\/div>\n\t\t\t\t<\/div>\n\t\t<div class=\"elementor-element elementor-element-a1ae949 e-con-full e-flex e-con e-child\" data-id=\"a1ae949\" data-element_type=\"container\">\n\t\t\t\t<div class=\"elementor-element elementor-element-c35480e elementor-widget elementor-widget-image\" data-id=\"c35480e\" data-element_type=\"widget\" data-widget_type=\"image.default\">\n\t\t\t\t<div class=\"elementor-widget-container\">\n\t\t\t\t\t\t\t\t\t\t\t\t\t<img loading=\"lazy\" decoding=\"async\" width=\"1024\" height=\"1024\" src=\"https:\/\/vermuda.site\/wp-content\/uploads\/2025\/05\/VERMUDA_ATRACON-1024x1024.png\" class=\"attachment-large size-large wp-image-912\" alt=\"\" srcset=\"https:\/\/vermuda.site\/wp-content\/uploads\/2025\/05\/VERMUDA_ATRACON-1024x1024.png 1024w, https:\/\/vermuda.site\/wp-content\/uploads\/2025\/05\/VERMUDA_ATRACON-300x300.png 300w, https:\/\/vermuda.site\/wp-content\/uploads\/2025\/05\/VERMUDA_ATRACON-150x150.png 150w, https:\/\/vermuda.site\/wp-content\/uploads\/2025\/05\/VERMUDA_ATRACON-768x767.png 768w, https:\/\/vermuda.site\/wp-content\/uploads\/2025\/05\/VERMUDA_ATRACON-1536x1536.png 1536w, https:\/\/vermuda.site\/wp-content\/uploads\/2025\/05\/VERMUDA_ATRACON-2048x2046.png 2048w\" sizes=\"(max-width: 1024px) 100vw, 1024px\" \/>\t\t\t\t\t\t\t\t\t\t\t\t\t<\/div>\n\t\t\t\t<\/div>\n\t\t\t\t<\/div>\n\t\t\t\t\t<\/div>\n\t\t\t\t<\/div>\n\t\t\t\t<\/div>\n\t\t","protected":false},"excerpt":{"rendered":"<p>La Vermuter\u00eda de Atalaya Vermuda es la versi\u00f3n m\u00e1s informal de Atalaya. Aqu\u00ed podr\u00e9is encontrar los platos mas m\u00edticos de Atalaya y tambi\u00e9n platos nuevos y actuales con el toque y el sabor de Facundo Carlucci (hermano de Emanuel) el chef al frente de esta desenfada propuesta. Reserva Carta En pleno coraz\u00f3n de Alcossebre Situado&hellip;&nbsp;<a href=\"https:\/\/vermuda.site\/\" rel=\"bookmark\">Leer m\u00e1s &raquo;<span class=\"screen-reader-text\">VERMUDA<\/span><\/a><\/p>\n","protected":false},"author":1,"featured_media":0,"parent":0,"menu_order":0,"comment_status":"closed","ping_status":"closed","template":"","meta":{"_monsterinsights_skip_tracking":false,"_monsterinsights_sitenote_active":false,"_monsterinsights_sitenote_note":"","_monsterinsights_sitenote_category":0,"neve_meta_sidebar":"full-width","neve_meta_container":"full-width","neve_meta_enable_content_width":"off","neve_meta_content_width":100,"neve_meta_title_alignment":"","neve_meta_author_avatar":"","neve_post_elements_order":"","neve_meta_disable_header":"","neve_meta_disable_footer":"","neve_meta_disable_title":"","footnotes":""},"aioseo_notices":[],"_links":{"self":[{"href":"https:\/\/vermuda.site\/index.php\/wp-json\/wp\/v2\/pages\/174"}],"collection":[{"href":"https:\/\/vermuda.site\/index.php\/wp-json\/wp\/v2\/pages"}],"about":[{"href":"https:\/\/vermuda.site\/index.php\/wp-json\/wp\/v2\/types\/page"}],"author":[{"embeddable":true,"href":"https:\/\/vermuda.site\/index.php\/wp-json\/wp\/v2\/users\/1"}],"replies":[{"embeddable":true,"href":"https:\/\/vermuda.site\/index.php\/wp-json\/wp\/v2\/comments?post=174"}],"version-history":[{"count":126,"href":"https:\/\/vermuda.site\/index.php\/wp-json\/wp\/v2\/pages\/174\/revisions"}],"predecessor-version":[{"id":1136,"href":"https:\/\/vermuda.site\/index.php\/wp-json\/wp\/v2\/pages\/174\/revisions\/1136"}],"wp:attachment":[{"href":"https:\/\/vermuda.site\/index.php\/wp-json\/wp\/v2\/media?parent=174"}],"curies":[{"name":"wp","href":"https:\/\/api.w.org\/{rel}","templated":true}]}}